{"id":3156,"date":"2023-11-16T06:34:48","date_gmt":"2023-11-16T06:34:48","guid":{"rendered":"http:\/\/berns.se\/event\/the-mavericks\/"},"modified":"2024-05-07T14:56:33","modified_gmt":"2024-05-07T14:56:33","slug":"the-mavericks","status":"publish","type":"event","link":"https:\/\/berns.se\/sv\/kalender\/the-mavericks\/","title":{"rendered":"The Mavericks"},"content":{"rendered":"<p>INST\u00c4LLT<\/p>\n<p class=\"x_xmsonormal\">P\u00e5 grund av fortsatta ov\u00e4ntade logistiska problem har resten av The Mavericks turn\u00e9n blivit inst\u00e4lld. Detta p\u00e5verkar f\u00f6rest\u00e4llningen hos oss p\u00e5 Berns den 8 maj.<\/p>\n<p class=\"x_xmsonormal\">De var mycket hoppfulla om att hitta en l\u00f6sning f\u00f6r att genomf\u00f6ra de sista tv\u00e5 f\u00f6rest\u00e4llningarna p\u00e5 turn\u00e9n, men tyv\u00e4rr \u00e4r vi inte l\u00e4ngre i st\u00e5nd att forts\u00e4tta turn\u00e9n.<\/p>\n<p class=\"x_xmsonormal\">Vi ber om urs\u00e4kt f\u00f6r eventuella besv\u00e4r detta kan medf\u00f6ra och uppskattar ert f\u00f6rst\u00e5nd.<\/p>\n<p class=\"x_xmsonormal\">De unders\u00f6ker aktivt nya datum f\u00f6r dessa f\u00f6rest\u00e4llningar och kommer att meddela biljettinnehavarna inom de n\u00e4rmaste 15 dagarna. Information om \u00e5terbetalning och\/eller nytt datum kommer att skickas genom Tickster. Har du n\u00e5gra fr\u00e5gor g\u00e4llande \u00e5terbetalning, v\u00e4nligen kontakta biljett\u00e5terf\u00f6rs\u00e4ljaren, Tickster.<\/p>\n<p class=\"x_xmsonormal\">\n","protected":false},"featured_media":1451,"template":"","class_list":["post-3156","event","type-event","status-publish","has-post-thumbnail","hentry"],"acf":[],"_links":{"self":[{"href":"https:\/\/berns.se\/sv\/wp-json\/wp\/v2\/event\/3156","targetHints":{"allow":["GET"]}}],"collection":[{"href":"https:\/\/berns.se\/sv\/wp-json\/wp\/v2\/event"}],"about":[{"href":"https:\/\/berns.se\/sv\/wp-json\/wp\/v2\/types\/event"}],"version-history":[{"count":0,"href":"https:\/\/berns.se\/sv\/wp-json\/wp\/v2\/event\/3156\/revisions"}],"wp:featuredmedia":[{"embeddable":true,"href":"https:\/\/berns.se\/sv\/wp-json\/wp\/v2\/media\/1451"}],"wp:attachment":[{"href":"https:\/\/berns.se\/sv\/wp-json\/wp\/v2\/media?parent=3156"}],"curies":[{"name":"wp","href":"https:\/\/api.w.org\/{rel}","templated":true}]}}

<p>INSTÄLLT</p>
<p class="x_xmsonormal">På grund av fortsatta oväntade logistiska problem har resten av The Mavericks turnén blivit inställd. Detta påverkar föreställningen hos oss på Berns den 8 maj.</p>
<p class="x_xmsonormal">De var mycket hoppfulla om att hitta en lösning för att genomföra de sista två föreställningarna på turnén, men tyvärr är vi inte längre i stånd att fortsätta turnén.</p>
<p class="x_xmsonormal">Vi ber om ursäkt för eventuella besvär detta kan medföra och uppskattar ert förstånd.</p>
<p class="x_xmsonormal">De undersöker aktivt nya datum för dessa föreställningar och kommer att meddela biljettinnehavarna inom de närmaste 15 dagarna. Information om återbetalning och/eller nytt datum kommer att skickas genom Tickster. Har du några frågor gällande återbetalning, vänligen kontakta biljettåterförsäljaren, Tickster.</p>
<p class="x_xmsonormal">
